ose -4*x = -x + 6. Determine v(x).
-5
Let j(s) be the third derivative of -1/8*s**4 - 1/120*s**6 + 0 - 5/6*s**3 + s**2 + 1/12*s**5 + 0*s. What is j(4)?
-1
Let g(x) = 2*x - 4. Let c be g(6). Suppose -4*m + 0 = -c. Let l(b) = 4*b**2 - 3*b. Give l(m).
10
Let b(o) be the first derivative of -o**3/3 + 5*o**2/2 - 6*o + 19. Suppose 4*v - 5*v = -5, 4*v - 15 = n. Calculate b(n).
-6
Suppose x + 0 = 2. Suppose x*a = 3*a. Let u(l) = -l**2 + a*l**2 - 1 + 5*l + 2*l**2 + 6. Determine u(-4).
1
Let t be 3 - 0 - (-2)/(-1). Let b be 3 + (3 - 3 - t). Let l(c) = 3*c**2 - 2*c**b + 6 + c**2 + 8*c - c**2. Give l(-5).
-9
Let k = -10 - -14. Let w(l) = -2*l + 1. Let d(p) = -4*p + 1. Let x(q) = 4*d(q) - 9*w(q). What is x(k)?
3
Let j(d) = 1. Let z(x) = -3*x - 6. Suppose -9 = 3*v, -4*v = -0*q - 4*q + 28. Let b(s) = q*j(s) + z(s). Calculate b(2).
-8
Let c(k) = k**2 - 7*k - 3. Let f(u) = 3*u**2 - 15*u - 4. Let t(a) = 5*c(a) - 2*f(a). Calculate t(-4).
-3
Let i(g) = -2*g**2 - 2*g + 1. Suppose -4*l - 5*u - 68 = 0, -8 = 2*u - 4*u. Let s = -8 - l. Suppose 3 = 4*k - 5*b - s, 0 = 4*k - b + 3. Give i(k).
-3
Suppose -6 = -4*s + 6, 0 = -3*u - 2*s + 12. Suppose 2*p - 2 = 0, 2*q - p - 9 = -3*q. Let i(v) = -4*v - 1 + v**2 + 3*v**2 - q*v**u. Determine i(3).
5
Suppose -d + 3*d - 30 = 0. Let f = d + -2. Let h = -8 + f. Let o(r) = -r**3 + 5*r**2 + 2*r - 4. Calculate o(h).
6
Let x(g) = g**2 + 6*g + 5. Suppose -3*a = -2*a - 4. Let w = -8 + a. Calculate x(w).
-3
Let b = 12 + -8. Let v(u) = -10*u + b*u**3 + 9*u + 0*u**3. Give v(-1).
-3
Suppose -8 = -h - m, h + m + 3*m = 23. Let j(s) be the third derivative of -s**4/12 + s**3/2 + 39*s**2. Calculate j(h).
-3
Let c(r) = -9*r**2 - 5*r + 7. Let p(k) = 5*k**2 + 2*k - 3. Let b = -14 + 8. Let s(q) = b*c(q) - 11*p(q). What is s(7)?
-2
Let d(f) be the first derivative of -f**4/12 + 5*f**3/6 + 3*f**2 - f + 7. Let v(j) be the first derivative of d(j). What is v(5)?
6
Suppose -3 - 1 = 4*a. Let k be -10*(-3)/(7 + a). Let o(v) = -v**2 + 6*v + 1. What is o(k)?
6
Let w be (-2)/(-2) + (-16 - -17). Let l(j) be the second derivative of -1/3*j**3 - 1/2*j**4 + 0 + 1/2*j**w - j. Determine l(1).
-7
Let k(b) = b. Let a(m) = -5*m + 5. Let h(p) = -4*p + 4. Let n(l) = -3*a(l) + 4*h(l). Let u be n(5). Determine k(u).
-4
Let v(r) = -5*r - 9. Let m(z) = 4*z + 8. Let p(u) = -4*m(u) - 3*v(u). Determine p(-6).
1
Let k(y) = -y**2 + 5*y + 5. Suppose 0 = 3*o - 8*o - 60. Let t(s) = s**2 + 5*s - 3. Let i be t(-4). Let m = i - o. Calculate k(m).
5
Let o(c) = c - 1. Suppose 2*x = -2*x + i - 11, 0 = -5*x + 5*i - 10. Determine o(x).
-4
Let n(u) be the third derivative of -u**5/60 + u**4/4 - u**3/3 - 14*u**2. Calculate n(5).
3
Let i(y) = y**2 - 6*y + 5. Let t be i(6). Let m(v) = v**3 + 4*v**2 - 2*v - 7. Let w be m(-4). Let o(a) = -6 + 4 - w + 5*a - a**2. What is o(t)?
-3
Let f be 106/22 - 12/(-66). Suppose -f*q + 7 = -3. Let p(r) = -r**3 + 2*r - 1. Give p(q).
-5
Let v be 6 + -8 - (-14)/6. Let t(y) be the second derivative of -2*y + y**2 + 0 + v*y**3. Give t(2).
6
Let u(w) be the second derivative of -w**3/6 - w. What is u(0)?
0
Let h = -216 - -214. Let y(c) = 1 - 2 + 3 + 5*c. Give y(h).
-8
Let v(g) be the first derivative of -3*g**2/2 + g - 3. Let k be v(4). Let r = 8 + k. Let h(w) = w**3 + 4*w**2 + w - 4. What is h(r)?
2
Let g(z) = 6*z**3 + 11*z**2 - 2*z. Let w(t) = 3*t**3 + 5*t**2 - t. Suppose -2*f - 4*u = -20, f = 2*f + u - 8. Let y(q) = f*g(q) - 13*w(q). Calculate y(-1).
3
Let i(n) = 4*n + 3*n + n**2 - 1 + 0*n**2 + 10. Calculate i(-6).
3
Let n(p) = -p**3 - 7*p**2 + 10*p. Let v be ((-8)/5)/(-6*(-4)/120). Determine n(v).
-16
Let w(y) be the third derivative of 0*y + 0 + 6*y**2 + 1/6*y**3 + 1/60*y**5 - 1/12*y**4. Determine w(-2).
9
Let a(i) = -i**3 - 5*i**2 - 6*i - 3. Let o(n) = n. Let f(s) = -a(s) - 2*o(s). Determine f(-4).
3
Let o be 7/(-6)*(-15)/21. Let i(r) be the third derivative of -o*r**3 - 1/24*r**4 + 0 + 0*r + r**2. What is i(-4)?
-1
Let c(d) = -d + 2. Let z be c(-4). Let t(i) be the third derivative of i**6/120 - 7*i**5/60 + 5*i**4/24 - i**3/6 - 7*i**2. Determine t(z).
-7
Suppose -11 + 31 = 5*a. Suppose 0*w + a*w = 3*f + 10, 2*f = -w - 3. Let g(y) = -5*y**3 - 1. Determine g(w).
-6
Suppose -v + 0 = -6. Let r(o) = 3 + 1 + 7 - o - 3. Calculate r(v).
2
Let w(y) be the third derivative of y**5/60 + y**4/6 - 5*y**3/6 + y**2 + 20. Let s(g) = g**2 - g - 6. Let f be s(0). Calculate w(f).
7
Let y(u) = 2*u + 23. Let v(g) = -g - 11. Let z(c) = -9*v(c) - 4*y(c). Let x(w) = 2. Let d(n) = -7*x(n) + 2*z(n). Determine d(-5).
-10
Let z(a) be the second derivative of 1/12*a**4 - 2*a + 1/2*a**2 + 1/6*a**3 + 0. Calculate z(-1).
1
Let n(f) = 3*f**2 - 3 + 2 + 6*f - 4*f**2 - 1. Calculate n(4).
6
Let s(d) = -3 + 3*d + 7*d**2 - 12*d + d**3 + d. Calculate s(-8).
-3
Let j(y) = y**2 + 3*y - 5. Suppose b = 4*f - 4, -2*b - 5*f = -0*b + 8. Calculate j(b).
-1
Let x = -2 + 3. Let b(p) = 19*p + 13. Let g(t) = 12*t + 5. Let r(c) = 61*c + 24. Let n(h) = 11*g(h) - 2*r(h). Let y(a) = -6*b(a) + 11*n(a). Determine y(x).
-5
Let t(k) = k**3 - 3*k**2 + 2*k + 1. Suppose -22 = 4*j - 2*o, -4*o = o - 5. Let v be 2/((2/(-8))/(-1)). Let m = j + v. Give t(m).
7
Let y be 2*(-3 - (-25)/10). Let o(a) = 7*a**2 - 2 + 2 - a. What is o(y)?
8
Suppose 2*s - 6*s = -20, d = s - 10. Let m = d + 7. Let n(l) = 4*l**3 - 2 + 2*l**m - 5*l**3 - l**2 - l. What is n(2)?
-8
Let r(n) = n**2 - 3*n + 2. Let g = -3 + 5. Let y be r(g). Let d(u) = -9*u + u**2 + y*u**2 + u + 7. Determine d(5).
-8
Let z(c) = c - 4. Let n(q) = -3*q - 22. Let f be n(-9). Give z(f).
1
Let i(f) = -f + 5. Let a(q) = -5*q + 21. Let k(p) = -2*a(p) + 9*i(p). Calculate k(-6).
-3
Let j = -2 + -1. Let i(s) = -s**3 - s**2 + 4*s + 1. Determine i(j).
7
Let y(m) = -m**3 - 6*m**2 - 4*m + 2. Let x(g) = 3*g - 5. Let j be x(4). Suppose -j*l = -2*l - n + 29, 3*l = -2*n - 7. Give y(l).
-3
Let q(l) = -5*l. Let y be -1 + 3 + 0 + 0. What is q(y)?
-10
Suppose -30 = 5*g + 4*u, g - 5*u + 6 = -4*u. Let o(w) = w**2 + 6*w + 2. Give o(g).
2
Let p be (-5)/20 - (-37)/4. Suppose -12 = -3*v + p. Let k be (-1)/(v/4 - 2). Let r(b) = -b**3 + 5*b**2 - 4*b + 6. Calculate r(k).
6
Let w = -4 - -2. Let b(t) be the second derivative of t**3/3 + 3*t**2/2 - 8*t. Give b(w).
-1
Let s be 17/3 - 8/12. Let x(n) = n**2 - 4*n - 1. Let o be x(s). Let m(i) = 4 - 5 + 3*i - 2 + o + i**2. Give m(-4).
5
Let s(w) be the third derivative of -1/12*w**4 + 1/40*w**6 + 1/30*w**5 + 0 + 0*w + 1/6*w**3 + 2*w**2. Determine s(1).
4
Let s(o) = o + 12. Let l(w) = w + 11. Let m(j) = 7*l(j) - 6*s(j). Determine m(0).
5
Let k(n) be the third derivative of n**5/12 + n**4/12 + n**3/3 - 6*n**2. Give k(-2).
18
Suppose -6*g + 11 + 1 = 0. Let p(n) = -7*n. What is p(g)?
-14
Let d(j) = j**3 + j**2 - j + 2. Let l(y) = y**2 + 16*y + 37. Let p be l(-13). Give d(p).
0
Let o(w) be the third derivative of 0*w**3 + w**2 + 0 + 5/24*w**4 + 0*w. Give o(1).
5
Let h(m) be the first derivative of m**3/6 + 3*m**2/2 + m + 1. Let c(o) be the first derivative of h(o). What is c(-4)?
-1
Let l(z) = z**2 - z + 5. Let a be l(0). Suppose -a*d - 6 = -16. Suppose 0 = -f - d*f - 9. Let m(q) = -q. What is m(f)?
3
Let t(q) = -8*q**2 + 15*q - 21. Let w(m) = 3*m**2 - 5*m + 7. Let v(f) = 4*t(f) + 11*w(f). Determine v(-6).
-1
Let v(w) = w**2 - 6*w + 2. Let l = 34 + -28. What is v(l)?
2
Let l(v) be the first derivative of 2*v**3/3 - 3*v**2/2 + 4*v - 52. Determine l(3).
13
Let z(d) = d**3 + 5*d**2 + 2*d - 4. Let g be z(-4). Let m be ((-21)/(-14))/((-2)/(-4)). Let o(l) = -5*l + 1 - 2*l - 3*l**2 + l**m + l + 3*l. What is o(g)?
5
Let g(k) = k**3 - k**2 - 4*k. Suppose -4*t - o + 3 = 0, t = 2*t - o + 3. Suppose 4*q - b - 9 - 3 = 0, 5*b = t. What is g(q)?
6
Suppose i + 3*z - 14 = -0*z, 34 = 5*i - 3*z. Let k(q) = -3 - 6*q**3 + 7*q**2 - 3*q - 3*q**3 + i*q**3 + 2*q. Determine k(7).
-10
Suppose -3*p = -j - 8, -j - 8*p = -4*p - 6. Let h(z) = 3*z**2 + 2. Determine h(j).
14
Let m = 1 + -1. Let b(q) be the third derivative of -10*q**2 + 0 + 0*q**4 + 1/60*q**5 + 1/6*q**3 + 0*q. What is b(m)?
1
Let r(s) be the first derivative of -2*s**2 + 5/3*s**3 + 6*s - 1/4*s**4 - 1. Let d(l) = l**2 + 4*l + 4. Let y be d(-4). What is r(y)?
6
Suppose 0 = 4*c - g - 1, 2*g - 3 = 5*c - 2. Let r(p) = 1 - 1 + c + 5 + p. Let a = -2 - -2. Calculate r(a).
6
Let h(p) = 4*p + 5. Let i(n) = n**3 - 14*n**2 - 6. Let b be i(14